{"id":522,"date":"2024-06-25T13:42:29","date_gmt":"2024-06-25T11:42:29","guid":{"rendered":"https:\/\/test8899.cooperlic.be\/?page_id=522"},"modified":"2024-06-25T13:48:04","modified_gmt":"2024-06-25T11:48:04","slug":"syndic","status":"publish","type":"page","link":"https:\/\/test8899.cooperlic.be\/index.php\/syndic\/","title":{"rendered":"Syndic"},"content":{"rendered":"<p><img decoding=\"async\" src=\"\/wp-content\/uploads\/2024\/06\/syndic.jpg\" alt=\"\"><\/p>\n<div>\n<p>Pour voir, tous ce que CoopERLiC peut faire pour vous :<\/p>\n<\/div>\n<ul>\n<li>\n        <a href=\"\/index.php\/nos-services\/conseiller-en-energie-communautaire\/\">Siare<\/a>\n    <\/li>\n<li>\n        <a href=\"\/index.php\/page\/\">Contactez-nous<\/a>\n    <\/li>\n<\/ul>\n<h1>\n<p><span style=\"color: #ffc000;\">Syndic<\/span><\/p>\n<\/h1>\n<div>\n<p>Vous cherchez un partenaire qui va g\u00e9r\u00e9 tous les aspects de la r\u00e9novation \u00e9nerg\u00e9tique des copropri\u00e9t\u00e9s dont vous vous occupez. Vous ferez appel \u00e0 CoopERLiC, car son Service Int\u00e9gr\u00e9 d\u2019Accompagnement \u00e0 la R\u00e9novation \u00c9nerg\u00e9tique vous propose :<\/p>\n<ul>\n<li>\n<p><b>Une expertise compl\u00e8te :<\/b> On vous accompagne \u00e0 chaque \u00e9tape du processus, de l&rsquo;analyse des besoins \u00e0 la coordination des travaux.<\/p>\n<\/li>\n<li>\n<p align=\"JUSTIFY\"><b>Une optimisation financi\u00e8re :<\/b> En int\u00e9grant les aides wallonnes et en proposant des solutions de financement adapt\u00e9es, on contribue \u00e0 optimiser les aspects financiers des projets, rendant la r\u00e9novation \u00e9nerg\u00e9tique plus accessible pour les copropri\u00e9t\u00e9s.<\/p>\n<\/li>\n<li>\n<p align=\"JUSTIFY\"><b>Un gain de temps et d\u2019\u00e9nergie :<\/b> Nous prenons en charge la coordination des intervenants et un nombre important de d\u00e9marches administratives, simplifiant le processus pour vous. Cela permet un gain de temps significatif, vous laissant plus de disponibilit\u00e9 pour d&rsquo;autres aspects de votre gestion.<\/p>\n<\/li>\n<li>\n<p align=\"JUSTIFY\"><b>Une communication transparente :<\/b> Nous favorisons une communication transparente tout au long du projet, vous fournissant ainsi qu&rsquo;aux copropri\u00e9taires les cl\u00e9s pour une prise de d\u00e9cision \u00e9clair\u00e9e et une visibilit\u00e9 claire sur l&rsquo;avancement des travaux, les aspects financiers, et les b\u00e9n\u00e9fices \u00e9nerg\u00e9tiques attendus.<\/p>\n<\/li>\n<li>\n<p align=\"JUSTIFY\"><b>Un accompagnement personnalis\u00e9 :<\/b> En proposant une analyse approfondie des besoins sp\u00e9cifiques de chaque copropri\u00e9t\u00e9, nous assurons un accompagnement personnalis\u00e9, r\u00e9pondant aux d\u00e9fis particuliers de chaque projet et renfor\u00e7ant votre satisfaction ainsi que celle des copropri\u00e9taires.<\/p>\n<\/li>\n<\/ul>\n<\/div>\n<p><!--more--><br \/>\n<!-- {\"type\":\"layout\",\"children\":[{\"name\":\"Citoyen\",\"type\":\"section\",\"props\":{\"image_position\":\"center-center\",\"padding\":\"large\",\"style\":\"primary\",\"title_breakpoint\":\"xl\",\"title_position\":\"top-left\",\"title_rotation\":\"left\",\"vertical_align\":\"\",\"width\":\"xlarge\"},\"children\":[{\"type\":\"row\",\"children\":[{\"type\":\"column\",\"props\":{\"image_position\":\"center-center\",\"position_sticky_breakpoint\":\"m\",\"width_medium\":\"1-2\"},\"children\":[{\"type\":\"image\",\"props\":{\"image\":\"wp-content\\\/uploads\\\/2024\\\/06\\\/syndic.jpg\",\"image_svg_color\":\"emphasis\",\"margin\":\"default\"}},{\"type\":\"text\",\"props\":{\"block_align\":\"center\",\"column_breakpoint\":\"m\",\"content\":\"\n\n<p>Pour voir, tous ce que CoopERLiC peut faire pour vous :<\\\/p>\",\"margin\":\"default\",\"maxwidth\":\"xlarge\",\"text_align\":\"left\",\"text_style\":\"large\"}},{\"type\":\"button\",\"props\":{\"grid_column_gap\":\"small\",\"grid_row_gap\":\"small\",\"margin\":\"default\",\"text_align\":\"left\"},\"children\":[{\"type\":\"button_item\",\"props\":{\"button_style\":\"danger\",\"content\":\"Siare\",\"icon_align\":\"left\",\"link\":\"index.php\\\/nos-services\\\/conseiller-en-energie-communautaire\\\/\"}},{\"type\":\"button_item\",\"props\":{\"button_style\":\"secondary\",\"content\":\"Contactez-nous\",\"icon_align\":\"left\",\"link\":\"index.php\\\/page\\\/\"}}]}]},{\"type\":\"column\",\"props\":{\"image_position\":\"center-center\",\"position_sticky_breakpoint\":\"m\",\"width_medium\":\"1-2\"},\"children\":[{\"type\":\"headline\",\"props\":{\"content\":\"\n\n<p><span style=\\\"color: #ffc000;\\\">Syndic<\\\/span><\\\/p>\",\"text_align\":\"center\",\"title_element\":\"h1\",\"title_font_family\":\"secondary\",\"title_style\":\"heading-small\"}},{\"type\":\"text\",\"props\":{\"block_align\":\"center\",\"column_breakpoint\":\"m\",\"content\":\"\n\n<p>Vous cherchez un partenaire qui va g\\u00e9r\\u00e9 tous les aspects de la r\\u00e9novation \\u00e9nerg\\u00e9tique des copropri\\u00e9t\\u00e9s dont vous vous occupez. Vous ferez appel \\u00e0 CoopERLiC, car son Service Int\\u00e9gr\\u00e9 d\\u2019Accompagnement \\u00e0 la R\\u00e9novation \\u00c9nerg\\u00e9tique vous propose :<\\\/p>\\n\n\n<ul>\\n\n\n<li>\\n\n\n<p><b>Une expertise compl\\u00e8te :<\\\/b> On vous accompagne \\u00e0 chaque \\u00e9tape du processus, de l'analyse des besoins \\u00e0 la coordination des travaux.<\\\/p>\\n<\\\/li>\\n\n\n<li>\\n\n\n<p align=\\\"JUSTIFY\\\"><b>Une optimisation financi\\u00e8re :<\\\/b> En int\\u00e9grant les aides wallonnes et en proposant des solutions de financement adapt\\u00e9es, on contribue \\u00e0 optimiser les aspects financiers des projets, rendant la r\\u00e9novation \\u00e9nerg\\u00e9tique plus accessible pour les copropri\\u00e9t\\u00e9s.<\\\/p>\\n<\\\/li>\\n\n\n<li>\\n\n\n<p align=\\\"JUSTIFY\\\"><b>Un gain de temps et d\\u2019\\u00e9nergie :<\\\/b> Nous prenons en charge la coordination des intervenants et un nombre important de d\\u00e9marches administratives, simplifiant le processus pour vous. Cela permet un gain de temps significatif, vous laissant plus de disponibilit\\u00e9 pour d'autres aspects de votre gestion.<\\\/p>\\n<\\\/li>\\n\n\n<li>\\n\n\n<p align=\\\"JUSTIFY\\\"><b>Une communication transparente :<\\\/b> Nous favorisons une communication transparente tout au long du projet, vous fournissant ainsi qu'aux copropri\\u00e9taires les cl\\u00e9s pour une prise de d\\u00e9cision \\u00e9clair\\u00e9e et une visibilit\\u00e9 claire sur l'avancement des travaux, les aspects financiers, et les b\\u00e9n\\u00e9fices \\u00e9nerg\\u00e9tiques attendus.<\\\/p>\\n<\\\/li>\\n\n\n<li>\\n\n\n<p align=\\\"JUSTIFY\\\"><b>Un accompagnement personnalis\\u00e9 :<\\\/b> En proposant une analyse approfondie des besoins sp\\u00e9cifiques de chaque copropri\\u00e9t\\u00e9, nous assurons un accompagnement personnalis\\u00e9, r\\u00e9pondant aux d\\u00e9fis particuliers de chaque projet et renfor\\u00e7ant votre satisfaction ainsi que celle des copropri\\u00e9taires.<\\\/p>\\n<\\\/li>\\n<\\\/ul>\",\"margin\":\"default\",\"maxwidth\":\"xlarge\",\"text_align\":\"center\"}}]}],\"props\":{\"layout\":\"1-2,1-2\"}}]}],\"version\":\"4.4.4\"} --><\/p>\n","protected":false},"excerpt":{"rendered":"<p>Pour voir, tous ce que CoopERLiC peut faire pour vous : Siare Contactez-nous Syndic Vous cherchez un partenaire qui va g\u00e9r\u00e9 tous les aspects de la r\u00e9novation \u00e9nerg\u00e9tique des copropri\u00e9t\u00e9s dont vous vous occupez. Vous ferez appel \u00e0 CoopERLiC, car son Service Int\u00e9gr\u00e9 d\u2019Accompagnement \u00e0 la R\u00e9novation \u00c9nerg\u00e9tique vous propose : Une expertise compl\u00e8te : [&hellip;]<\/p>\n","protected":false},"author":4,"featured_media":0,"parent":0,"menu_order":0,"comment_status":"closed","ping_status":"closed","template":"","meta":{"footnotes":""},"class_list":["post-522","page","type-page","status-publish","hentry"],"_links":{"self":[{"href":"https:\/\/test8899.cooperlic.be\/index.php\/wp-json\/wp\/v2\/pages\/522","targetHints":{"allow":["GET"]}}],"collection":[{"href":"https:\/\/test8899.cooperlic.be\/index.php\/wp-json\/wp\/v2\/pages"}],"about":[{"href":"https:\/\/test8899.cooperlic.be\/index.php\/wp-json\/wp\/v2\/types\/page"}],"author":[{"embeddable":true,"href":"https:\/\/test8899.cooperlic.be\/index.php\/wp-json\/wp\/v2\/users\/4"}],"replies":[{"embeddable":true,"href":"https:\/\/test8899.cooperlic.be\/index.php\/wp-json\/wp\/v2\/comments?post=522"}],"version-history":[{"count":8,"href":"https:\/\/test8899.cooperlic.be\/index.php\/wp-json\/wp\/v2\/pages\/522\/revisions"}],"predecessor-version":[{"id":532,"href":"https:\/\/test8899.cooperlic.be\/index.php\/wp-json\/wp\/v2\/pages\/522\/revisions\/532"}],"wp:attachment":[{"href":"https:\/\/test8899.cooperlic.be\/index.php\/wp-json\/wp\/v2\/media?parent=522"}],"curies":[{"name":"wp","href":"https:\/\/api.w.org\/{rel}","templated":true}]}}