{"id":574,"date":"2024-06-25T14:45:52","date_gmt":"2024-06-25T12:45:52","guid":{"rendered":"https:\/\/test8899.cooperlic.be\/?page_id=574"},"modified":"2024-06-26T09:40:15","modified_gmt":"2024-06-26T07:40:15","slug":"menuiserie","status":"publish","type":"page","link":"https:\/\/test8899.cooperlic.be\/index.php\/menuiserie\/","title":{"rendered":"Menuiserie"},"content":{"rendered":"<h1>Nos r\u00e9alisations<\/h1>\n<h1>\n<p><b>La menuiserie \u2013 Production en tiers-payant<\/b><\/p>\n<\/h1>\n<div>\n<p>Bas\u00e9e \u00e0 Li\u00e8ge, la coop\u00e9rative Novacitis a \u00ab\u00a0pour ambition d&rsquo;activer et d&rsquo;acc\u00e9l\u00e9rer la transition vers une \u00e9conomie soutenable par un entrepreneuriat porteur d\u2019une dynamique d\u2019int\u00e9r\u00eat collectif.\u00a0\u00bb<\/p>\n<p>La Menuiserie, ancien b\u00e2timent de la ville, est leur premier projet. Cet espace contient des bureaux, des salles de r\u00e9unions, des espaces de coworking, une cuisine professionnelle de production d\u00e9di\u00e9e \u00e0 l&rsquo;alimentation durable, accompagn\u00e9 de services mutualis\u00e9s. Mais aussi des ESPACES OUVERTS AU PUBLIC : un espace food &amp; caf\u00e9, une esplanade ext\u00e9rieure et une liaison pi\u00e9tonne entre la rue de l&rsquo;Acad\u00e9mie et le Quartier Sainte Marguerite. Ce site est d\u00e9di\u00e9 \u00e0 la mobilit\u00e9 douce. On peut y trouver un parking pour v\u00e9los avec casiers, douche et bornes de recharge (pour petits v\u00e9hicules).<\/p>\n<p>Inaugur\u00e9 le 1e mars 2024, ce lieu b\u00e9n\u00e9ficie d&rsquo;une \u00e9nergie produite par des panneaux photovolta\u00efques plac\u00e9s sur leur toit avec le soutien de CoopERLiC et de Courant d&rsquo;Air.<\/p>\n<\/div>\n<p><img decoding=\"async\" src=\"\/wp-content\/uploads\/2024\/06\/menuiserie-1-scaled.jpg\" alt=\"\"><br \/>\n<img decoding=\"async\" src=\"\/wp-content\/uploads\/2024\/06\/menuiserie.jpg\" alt=\"\"><\/p>\n<ul>\n<li>\n<p>        <img decoding=\"async\" src=\"\/wp-content\/uploads\/2024\/06\/Logo-Menuisrie.jpg\" alt=\"\"><\/p>\n<h3>Logo Menuisrie<\/h3>\n<\/li>\n<li>\n<p>        <img decoding=\"async\" src=\"\/wp-content\/uploads\/2024\/06\/Logo-Novacitis.jpg\" alt=\"\"><\/p>\n<h3>Logo Novacitis<\/h3>\n<\/li>\n<li>\n<p>        <img decoding=\"async\" src=\"\/wp-content\/uploads\/2024\/06\/Menuisrie-PV-2.jpg\" alt=\"\"><\/p>\n<h3>Menuisrie PV 2<\/h3>\n<\/li>\n<li>\n<p>        <img decoding=\"async\" src=\"\/wp-content\/uploads\/2024\/06\/Menuiserie-Projection-2-scaled.jpg\" alt=\"\"><\/p>\n<h3>Menuiserie Projection 2<\/h3>\n<\/li>\n<li>\n<p>        <img decoding=\"async\" src=\"\/wp-content\/uploads\/2024\/06\/Menuiserie-Avant-Travaux-Interieur.jpg\" alt=\"\"><\/p>\n<h3>Menuiserie Avant Travaux Inte\u0301rieur<\/h3>\n<\/li>\n<li>\n<p>        <img decoding=\"async\" src=\"\/wp-content\/uploads\/2024\/06\/Menuiserie-Avant-travaux-3.jpg\" alt=\"\"><\/p>\n<h3>Menuiserie Avant travaux 3<\/h3>\n<\/li>\n<\/ul>\n<p><!--more--><br \/>\n<!-- {\"type\":\"layout\",\"children\":[{\"name\":\"R\\u00e9alisation\",\"type\":\"section\",\"props\":{\"image_position\":\"center-center\",\"padding\":\"large\",\"style\":\"secondary\",\"title_breakpoint\":\"xl\",\"title_position\":\"top-left\",\"title_rotation\":\"left\",\"vertical_align\":\"\",\"width\":\"xlarge\"},\"children\":[{\"type\":\"row\",\"children\":[{\"type\":\"column\",\"props\":{\"image_position\":\"center-center\",\"position_sticky_breakpoint\":\"m\"},\"children\":[{\"type\":\"headline\",\"props\":{\"content\":\"Nos r\\u00e9alisations\",\"text_align\":\"left\",\"title_color\":\"success\",\"title_decoration\":\"bullet\",\"title_element\":\"h1\"}}]}]},{\"type\":\"row\",\"children\":[{\"type\":\"column\",\"props\":{\"image_position\":\"center-center\",\"position_sticky_breakpoint\":\"m\",\"width_medium\":\"1-2\"},\"children\":[{\"type\":\"headline\",\"props\":{\"content\":\"\n\n<p><b>La menuiserie \\u2013 Production en tiers-payant<\\\/b><\\\/p>\",\"text_align\":\"left\",\"title_element\":\"h1\",\"title_font_family\":\"secondary\",\"title_style\":\"h3\"}},{\"type\":\"text\",\"props\":{\"block_align\":\"center\",\"column_breakpoint\":\"m\",\"content\":\"\n\n<p>Bas\\u00e9e \\u00e0 Li\\u00e8ge, la coop\\u00e9rative Novacitis a \\\"pour ambition d'activer et d'acc\\u00e9l\\u00e9rer la transition vers une \\u00e9conomie soutenable par un entrepreneuriat porteur d\\u2019une dynamique d\\u2019int\\u00e9r\\u00eat collectif.\\\"<\\\/p>\\n\n\n<p>La Menuiserie, ancien b\\u00e2timent de la ville, est leur premier projet. Cet espace contient des bureaux, des salles de r\\u00e9unions, des espaces de coworking, une cuisine professionnelle de production d\\u00e9di\\u00e9e \\u00e0 l'alimentation durable, accompagn\\u00e9 de services mutualis\\u00e9s. Mais aussi des ESPACES OUVERTS AU PUBLIC : un espace food &amp; caf\\u00e9, une esplanade ext\\u00e9rieure et une liaison pi\\u00e9tonne entre la rue de l'Acad\\u00e9mie et le Quartier Sainte Marguerite. Ce site est d\\u00e9di\\u00e9 \\u00e0 la mobilit\\u00e9 douce. On peut y trouver un parking pour v\\u00e9los avec casiers, douche et bornes de recharge (pour petits v\\u00e9hicules).<\\\/p>\\n\n\n<p>Inaugur\\u00e9 le 1e mars 2024, ce lieu b\\u00e9n\\u00e9ficie d'une \\u00e9nergie produite par des panneaux photovolta\\u00efques plac\\u00e9s sur leur toit avec le soutien de CoopERLiC et de Courant d'Air.<\\\/p>\",\"margin\":\"default\",\"maxwidth\":\"xlarge\",\"text_align\":\"left\"}}]},{\"type\":\"column\",\"props\":{\"image_position\":\"center-center\",\"position_sticky_breakpoint\":\"m\",\"width_medium\":\"1-2\"},\"children\":[{\"type\":\"image\",\"props\":{\"image\":\"wp-content\\\/uploads\\\/2024\\\/06\\\/menuiserie-1-scaled.jpg\",\"image_svg_color\":\"emphasis\",\"margin\":\"default\"}}]}],\"props\":{\"layout\":\"1-2,1-2\"}},{\"type\":\"row\",\"children\":[{\"type\":\"column\",\"props\":{\"image_position\":\"center-center\",\"position_sticky_breakpoint\":\"m\"},\"children\":[{\"type\":\"image\",\"props\":{\"image\":\"wp-content\\\/uploads\\\/2024\\\/06\\\/menuiserie.jpg\",\"image_svg_color\":\"emphasis\",\"margin\":\"default\",\"text_align\":\"center\"}}]}]},{\"type\":\"row\",\"children\":[{\"type\":\"column\",\"props\":{\"image_position\":\"center-center\",\"position_sticky_breakpoint\":\"m\"},\"children\":[{\"type\":\"gallery\",\"props\":{\"filter_align\":\"left\",\"filter_all\":true,\"filter_grid_breakpoint\":\"m\",\"filter_grid_width\":\"auto\",\"filter_position\":\"top\",\"filter_style\":\"tab\",\"grid_default\":\"1\",\"grid_masonry\":\"next\",\"grid_medium\":\"3\",\"item_animation\":true,\"link_style\":\"default\",\"link_text\":\"Read more\",\"margin\":\"default\",\"meta_align\":\"below-title\",\"meta_element\":\"div\",\"meta_style\":\"text-meta\",\"overlay_hover\":true,\"overlay_mode\":\"cover\",\"overlay_position\":\"center\",\"overlay_style\":\"overlay-primary\",\"overlay_transition\":\"fade\",\"show_content\":true,\"show_hover_image\":true,\"show_hover_video\":true,\"show_link\":true,\"show_meta\":true,\"show_title\":false,\"text_align\":\"center\",\"text_color\":\"light\",\"title_element\":\"h3\",\"title_hover_style\":\"reset\"},\"children\":[{\"type\":\"gallery_item\",\"props\":{\"image\":\"wp-content\\\/uploads\\\/2024\\\/06\\\/Logo-Menuisrie.jpg\",\"title\":\"Logo Menuisrie\"}},{\"type\":\"gallery_item\",\"props\":{\"image\":\"wp-content\\\/uploads\\\/2024\\\/06\\\/Logo-Novacitis.jpg\",\"title\":\"Logo Novacitis\"}},{\"type\":\"gallery_item\",\"props\":{\"image\":\"wp-content\\\/uploads\\\/2024\\\/06\\\/Menuisrie-PV-2.jpg\",\"title\":\"Menuisrie PV 2\"}},{\"type\":\"gallery_item\",\"props\":{\"image\":\"wp-content\\\/uploads\\\/2024\\\/06\\\/Menuiserie-Projection-2-scaled.jpg\",\"title\":\"Menuiserie Projection 2\"}},{\"type\":\"gallery_item\",\"props\":{\"image\":\"wp-content\\\/uploads\\\/2024\\\/06\\\/Menuiserie-Avant-Travaux-Interieur.jpg\",\"title\":\"Menuiserie Avant Travaux Inte\\u0301rieur\"}},{\"type\":\"gallery_item\",\"props\":{\"image\":\"wp-content\\\/uploads\\\/2024\\\/06\\\/Menuiserie-Avant-travaux-3.jpg\",\"title\":\"Menuiserie Avant travaux 3\"}}],\"name\":\"Galerie-r\\u00e9alisation\"}]}]}]}],\"version\":\"4.4.4\"} --><\/p>\n","protected":false},"excerpt":{"rendered":"<p>Nos r\u00e9alisations La menuiserie \u2013 Production en tiers-payant Bas\u00e9e \u00e0 Li\u00e8ge, la coop\u00e9rative Novacitis a \u00ab\u00a0pour ambition d&rsquo;activer et d&rsquo;acc\u00e9l\u00e9rer la transition vers une \u00e9conomie soutenable par un entrepreneuriat porteur d\u2019une dynamique d\u2019int\u00e9r\u00eat collectif.\u00a0\u00bb La Menuiserie, ancien b\u00e2timent de la ville, est leur premier projet. Cet espace contient des bureaux, des salles de r\u00e9unions, des [&hellip;]<\/p>\n","protected":false},"author":4,"featured_media":0,"parent":0,"menu_order":0,"comment_status":"closed","ping_status":"closed","template":"","meta":{"footnotes":""},"class_list":["post-574","page","type-page","status-publish","hentry"],"_links":{"self":[{"href":"https:\/\/test8899.cooperlic.be\/index.php\/wp-json\/wp\/v2\/pages\/574","targetHints":{"allow":["GET"]}}],"collection":[{"href":"https:\/\/test8899.cooperlic.be\/index.php\/wp-json\/wp\/v2\/pages"}],"about":[{"href":"https:\/\/test8899.cooperlic.be\/index.php\/wp-json\/wp\/v2\/types\/page"}],"author":[{"embeddable":true,"href":"https:\/\/test8899.cooperlic.be\/index.php\/wp-json\/wp\/v2\/users\/4"}],"replies":[{"embeddable":true,"href":"https:\/\/test8899.cooperlic.be\/index.php\/wp-json\/wp\/v2\/comments?post=574"}],"version-history":[{"count":4,"href":"https:\/\/test8899.cooperlic.be\/index.php\/wp-json\/wp\/v2\/pages\/574\/revisions"}],"predecessor-version":[{"id":649,"href":"https:\/\/test8899.cooperlic.be\/index.php\/wp-json\/wp\/v2\/pages\/574\/revisions\/649"}],"wp:attachment":[{"href":"https:\/\/test8899.cooperlic.be\/index.php\/wp-json\/wp\/v2\/media?parent=574"}],"curies":[{"name":"wp","href":"https:\/\/api.w.org\/{rel}","templated":true}]}}