{"id":742,"date":"2024-08-01T17:56:30","date_gmt":"2024-08-01T15:56:30","guid":{"rendered":"https:\/\/test8899.cooperlic.be\/?page_id=742"},"modified":"2024-08-01T17:56:30","modified_gmt":"2024-08-01T15:56:30","slug":"cooperlic-et-prehistomuseum","status":"publish","type":"page","link":"https:\/\/test8899.cooperlic.be\/index.php\/cooperlic-et-prehistomuseum\/","title":{"rendered":"CoopERLiC et Pr\u00e9histomuseum"},"content":{"rendered":"<h1>\n<p><span style=\"color: #ffc000;\">CoopERLiC &amp; Pr\u00e9histomuseum : sapiens cooperatus<br \/><\/span><\/p>\n<\/h1>\n<div>\n<p style=\"margin-bottom: 0cm; color: #000000; font-size: medium;\"><strong>Le 5 octobre 2024 \u00e0 10h30, venez d\u00e9couvrir comment la coop\u00e9ration rend l&rsquo;homme meilleur&#8230;<br \/><\/strong><\/p>\n<div><\/div>\n<div>Venez d\u00e9couvrir comment des citoyens ont permis \u00e0 un centre culturel du grand Li\u00e8ge de produire son \u00e9nergie verte !<\/div>\n<div>Devenez, vous aussi, un sapiens cooperatus et investissez dans une coop\u00e9rative qui veut mener Li\u00e8ge \u00e0 une meilleure transition \u00e9nerg\u00e9tique.<\/div>\n<div>Le samedi 5 octobre, \u00e0 10H30, venez rencontrer 2 des acteurs de cette belle collaboration et profitez-en pour manger au restaurant CIBUS sur place ou visiter le parc.<\/div>\n<\/div>\n<p><img decoding=\"async\" src=\"\/wp-content\/uploads\/2024\/08\/Image-prehistomuseum-avec-titre-orange-scaled.jpg\" alt=\"\"><\/p>\n<p><!--more--><br \/>\n<!-- {\"type\":\"layout\",\"children\":[{\"name\":\"Citoyen\",\"type\":\"section\",\"props\":{\"image_position\":\"center-center\",\"padding\":\"large\",\"style\":\"default\",\"title_breakpoint\":\"xl\",\"title_position\":\"top-left\",\"title_rotation\":\"left\",\"vertical_align\":\"\",\"width\":\"xlarge\"},\"children\":[{\"type\":\"row\",\"children\":[{\"type\":\"column\",\"props\":{\"image_position\":\"center-center\",\"position_sticky_breakpoint\":\"m\",\"width_medium\":\"1-2\"},\"children\":[{\"type\":\"headline\",\"props\":{\"content\":\"\n\n<p><span style=\\\"color: #ffc000;\\\">CoopERLiC &amp; Pr\\u00e9histomuseum : sapiens cooperatus<br \\\/><\\\/span><\\\/p>\",\"text_align\":\"center\",\"title_element\":\"h1\",\"title_font_family\":\"secondary\",\"title_style\":\"heading-small\"}},{\"type\":\"text\",\"props\":{\"block_align\":\"center\",\"column_breakpoint\":\"m\",\"content\":\"\n\n<p style=\\\"margin-bottom: 0cm; color: #000000; font-size: medium;\\\"><strong>Le 5 octobre 2024 \\u00e0 10h30, venez d\\u00e9couvrir comment la coop\\u00e9ration rend l'homme meilleur...<br \\\/><\\\/strong><\\\/p>\\n\n\n<div><\\\/div>\\n\n\n<div>Venez d\\u00e9couvrir comment des citoyens ont permis \\u00e0 un centre culturel du grand Li\\u00e8ge de produire son \\u00e9nergie verte !<\\\/div>\\n\n\n<div>Devenez, vous aussi, un sapiens cooperatus et investissez dans une coop\\u00e9rative qui veut mener Li\\u00e8ge \\u00e0 une meilleure transition \\u00e9nerg\\u00e9tique.<\\\/div>\\n\n\n<div>Le samedi 5 octobre, \\u00e0 10H30, venez rencontrer 2 des acteurs de cette belle collaboration et profitez-en pour manger au restaurant CIBUS sur place ou visiter le parc.<\\\/div>\",\"margin\":\"default\",\"maxwidth\":\"xlarge\",\"text_align\":\"left\"}}]},{\"type\":\"column\",\"props\":{\"image_position\":\"center-center\",\"position_sticky_breakpoint\":\"m\",\"width_medium\":\"1-2\"},\"children\":[{\"type\":\"image\",\"props\":{\"image\":\"wp-content\\\/uploads\\\/2024\\\/08\\\/Image-prehistomuseum-avec-titre-orange-scaled.jpg\",\"image_svg_color\":\"emphasis\",\"margin\":\"default\"}}]}],\"props\":{\"layout\":\"1-2,1-2\"}}]}],\"version\":\"4.4.6\"} --><\/p>\n","protected":false},"excerpt":{"rendered":"<p>CoopERLiC &amp; Pr\u00e9histomuseum : sapiens cooperatus Le 5 octobre 2024 \u00e0 10h30, venez d\u00e9couvrir comment la coop\u00e9ration rend l&rsquo;homme meilleur&#8230; Venez d\u00e9couvrir comment des citoyens ont permis \u00e0 un centre culturel du grand Li\u00e8ge de produire son \u00e9nergie verte ! Devenez, vous aussi, un sapiens cooperatus et investissez dans une coop\u00e9rative qui veut mener Li\u00e8ge [&hellip;]<\/p>\n","protected":false},"author":3,"featured_media":0,"parent":0,"menu_order":0,"comment_status":"closed","ping_status":"closed","template":"","meta":{"footnotes":""},"class_list":["post-742","page","type-page","status-publish","hentry"],"_links":{"self":[{"href":"https:\/\/test8899.cooperlic.be\/index.php\/wp-json\/wp\/v2\/pages\/742","targetHints":{"allow":["GET"]}}],"collection":[{"href":"https:\/\/test8899.cooperlic.be\/index.php\/wp-json\/wp\/v2\/pages"}],"about":[{"href":"https:\/\/test8899.cooperlic.be\/index.php\/wp-json\/wp\/v2\/types\/page"}],"author":[{"embeddable":true,"href":"https:\/\/test8899.cooperlic.be\/index.php\/wp-json\/wp\/v2\/users\/3"}],"replies":[{"embeddable":true,"href":"https:\/\/test8899.cooperlic.be\/index.php\/wp-json\/wp\/v2\/comments?post=742"}],"version-history":[{"count":5,"href":"https:\/\/test8899.cooperlic.be\/index.php\/wp-json\/wp\/v2\/pages\/742\/revisions"}],"predecessor-version":[{"id":749,"href":"https:\/\/test8899.cooperlic.be\/index.php\/wp-json\/wp\/v2\/pages\/742\/revisions\/749"}],"wp:attachment":[{"href":"https:\/\/test8899.cooperlic.be\/index.php\/wp-json\/wp\/v2\/media?parent=742"}],"curies":[{"name":"wp","href":"https:\/\/api.w.org\/{rel}","templated":true}]}}