{"id":81,"date":"2023-08-25T13:01:04","date_gmt":"2023-08-25T11:01:04","guid":{"rendered":"http:\/\/test8899.cooperlic.be\/?page_id=81"},"modified":"2024-06-25T13:37:45","modified_gmt":"2024-06-25T11:37:45","slug":"copropriete","status":"publish","type":"page","link":"https:\/\/test8899.cooperlic.be\/index.php\/pour-qui\/copropriete\/","title":{"rendered":"Copropri\u00e9t\u00e9 \u2013 Habitat group\u00e9"},"content":{"rendered":"<h1>\n<p><span style=\"color: #ffc000;\">Copropri\u00e9t\u00e9 \u2013 Habitat group\u00e9<\/span><\/p>\n<\/h1>\n<h3>\n<p>Vous vous sentez concern\u00e9.e par la transition \u00e9cologique ?<br \/>Vous voulez reprendre la main sur votre \u00e9nergie ?<\/p>\n<\/h3>\n<div>\n<p>Vous avez conscience qu&rsquo;une r\u00e9novation \u00e9nerg\u00e9tique a diff\u00e9rents avantages :<\/p>\n<ul>\n<li>\n<p align=\"JUSTIFY\"><b>Am\u00e9liorer le confort et la qualit\u00e9 de vie. <\/b>Un logement bien isol\u00e9 avec une bonne circulation de l&rsquo;air am\u00e9liore grandement le confort des ces habitants et a un effet positif sur la sant\u00e9.<\/p>\n<\/li>\n<li>\n<p align=\"JUSTIFY\"><b>Valoriser le patrimoine :<\/b> Les travaux de r\u00e9novation \u00e9nerg\u00e9tique augmentent la valeur patrimoniale des biens immobiliers. Les copropri\u00e9taires b\u00e9n\u00e9ficient d&rsquo;une valorisation de leur investissement, renfor\u00e7ant ainsi la p\u00e9rennit\u00e9 et la plus-value de leur propri\u00e9t\u00e9. Cela se traduit par une vente simplifi\u00e9e, des locations plus int\u00e9ressantes et le leg d\u2019un patrimoine de qualit\u00e9.<\/p>\n<\/li>\n<li>\n<p align=\"JUSTIFY\"><b>R\u00e9duire les charges \u00e9nerg\u00e9tiques <\/b>pour vous ou pour vos locataires, ce qui influence les loyers.<\/p>\n<\/li>\n<li>\n<p align=\"JUSTIFY\"><b>Planifier la mise en conformit\u00e9<\/b><b> aux Normes PEB (Performance \u00c9nerg\u00e9tique des B\u00e2timents) :<\/b> Les exigences l\u00e9gales en mati\u00e8re d&rsquo;efficacit\u00e9 \u00e9nerg\u00e9tique vont devenir de plus en plus exigeantes. Les planifier c&rsquo;est \u00e9viter des surco\u00fbts provoqu\u00e9s par un march\u00e9 en tension.<\/p>\n<\/li>\n<li>\n<p align=\"JUSTIFY\"><b>Prendre un engagement environnemental :<\/b> En participant \u00e0 des projets de r\u00e9novation \u00e9nerg\u00e9tique, les copropri\u00e9taires contribuent activement \u00e0 la r\u00e9duction de l&#8217;empreinte \u00e9cologique de leur immeuble. Cet engagement environnemental r\u00e9pond aux pr\u00e9occupations actuelles en mati\u00e8re de durabilit\u00e9 et de responsabilit\u00e9 \u00e9cologique.<\/p>\n<\/li>\n<\/ul>\n<\/div>\n<p><img decoding=\"async\" src=\"\/wp-content\/uploads\/2024\/06\/copropriete2.jpg\" alt=\"\"><\/p>\n<div>\n<p align=\"JUSTIFY\"><strong>CoopERLiC<\/strong>, gr\u00e2ce \u00e0 son Service Int\u00e9gr\u00e9 d\u2019Accompagnement \u00e0 la R\u00e9novation \u00c9nerg\u00e9tique, sera l\u00e0 pour vous aider \u00e0 pr\u00e9senter ces arguments \u00e0 vos copropri\u00e9taires\/membres de l&rsquo;habitat group\u00e9.<\/p>\n<p align=\"JUSTIFY\"><strong>CoopERLiC<\/strong> pourra \u00e9galement vous fournir un acc\u00e8s facilit\u00e9 aux aides financi\u00e8res (pr\u00eats et\/ou primes) disponibles pour les projets de r\u00e9novation \u00e9nerg\u00e9tique. Cette assistance permet de rendre les projets plus attractifs sur le plan \u00e9conomique.<\/p>\n<p>Pour voir, tous ce que CoopERLiC peut faire pour vous :<\/p>\n<\/div>\n<ul>\n<li>\n        <a href=\"\/index.php\/nos-services\/conseiller-en-energie-communautaire\/\">Siare<\/a>\n    <\/li>\n<li>\n        <a href=\"\/index.php\/page\/\">Contactez-nous<\/a>\n    <\/li>\n<\/ul>\n<hr>\n<p><!--more--><br \/>\n<!-- {\"type\":\"layout\",\"children\":[{\"type\":\"section\",\"props\":{\"css\":\"@media (min-width: 960px) {\\n    .el-section > div  {\\n        padding-top: 350px;\\n        padding-bottom: 350px;\\n    }\\n}\",\"image\":\"wp-content\\\/uploads\\\/2024\\\/06\\\/copropriete.jpg\",\"image_loading\":true,\"image_position\":\"center-center\",\"image_size\":\"cover\",\"image_width\":\"1840\",\"padding\":\"xlarge\",\"style\":\"default\",\"title_breakpoint\":\"xl\",\"title_position\":\"top-left\",\"title_rotation\":\"left\",\"vertical_align\":\"\",\"width\":\"default\"},\"children\":[{\"type\":\"row\",\"children\":[{\"type\":\"column\",\"props\":{\"image_position\":\"center-center\",\"position_sticky_breakpoint\":\"m\",\"width_medium\":\"1-1\"}}]}],\"name\":\"Image Top\"},{\"name\":\"Citoyen\",\"type\":\"section\",\"props\":{\"image_position\":\"center-center\",\"padding\":\"small\",\"padding_remove_bottom\":false,\"style\":\"default\",\"title_breakpoint\":\"xl\",\"title_position\":\"top-left\",\"title_rotation\":\"left\",\"vertical_align\":\"\",\"width\":\"xlarge\"},\"children\":[{\"type\":\"row\",\"children\":[{\"type\":\"column\",\"props\":{\"image_position\":\"center-center\",\"position_sticky_breakpoint\":\"m\",\"width_medium\":\"1-1\"},\"children\":[{\"type\":\"headline\",\"props\":{\"content\":\"\n\n<p><span style=\\\"color: #ffc000;\\\">Copropri\\u00e9t\\u00e9 \\u2013 Habitat group\\u00e9<\\\/span><\\\/p>\",\"text_align\":\"center\",\"title_element\":\"h1\",\"title_font_family\":\"secondary\",\"title_style\":\"heading-small\"}},{\"type\":\"headline\",\"props\":{\"content\":\"\n\n<p>Vous vous sentez concern\\u00e9.e par la transition \\u00e9cologique ?<br \\\/>Vous voulez reprendre la main sur votre \\u00e9nergie ?<\\\/p>\",\"text_align\":\"center\",\"title_element\":\"h3\",\"title_font_family\":\"secondary\",\"title_style\":\"h4\"}},{\"type\":\"text\",\"props\":{\"block_align\":\"center\",\"column_breakpoint\":\"m\",\"content\":\"\n\n<p>Vous avez conscience qu'une r\\u00e9novation \\u00e9nerg\\u00e9tique a diff\\u00e9rents avantages :<\\\/p>\\n\n\n<ul>\\n\n\n<li>\\n\n\n<p align=\\\"JUSTIFY\\\"><b>Am\\u00e9liorer le confort et la qualit\\u00e9 de vie. <\\\/b>Un logement bien isol\\u00e9 avec une bonne circulation de l'air am\\u00e9liore grandement le confort des ces habitants et a un effet positif sur la sant\\u00e9.<\\\/p>\\n<\\\/li>\\n\n\n<li>\\n\n\n<p align=\\\"JUSTIFY\\\"><b>Valoriser le patrimoine :<\\\/b> Les travaux de r\\u00e9novation \\u00e9nerg\\u00e9tique augmentent la valeur patrimoniale des biens immobiliers. Les copropri\\u00e9taires b\\u00e9n\\u00e9ficient d'une valorisation de leur investissement, renfor\\u00e7ant ainsi la p\\u00e9rennit\\u00e9 et la plus-value de leur propri\\u00e9t\\u00e9. Cela se traduit par une vente simplifi\\u00e9e, des locations plus int\\u00e9ressantes et le leg d\\u2019un patrimoine de qualit\\u00e9.<\\\/p>\\n<\\\/li>\\n\n\n<li>\\n\n\n<p align=\\\"JUSTIFY\\\"><b>R\\u00e9duire les charges \\u00e9nerg\\u00e9tiques <\\\/b>pour vous ou pour vos locataires, ce qui influence les loyers.<\\\/p>\\n<\\\/li>\\n\n\n<li>\\n\n\n<p align=\\\"JUSTIFY\\\"><b>Planifier la mise en conformit\\u00e9<\\\/b><b> aux Normes PEB (Performance \\u00c9nerg\\u00e9tique des B\\u00e2timents) :<\\\/b> Les exigences l\\u00e9gales en mati\\u00e8re d'efficacit\\u00e9 \\u00e9nerg\\u00e9tique vont devenir de plus en plus exigeantes. Les planifier c'est \\u00e9viter des surco\\u00fbts provoqu\\u00e9s par un march\\u00e9 en tension.<\\\/p>\\n<\\\/li>\\n\n\n<li>\\n\n\n<p align=\\\"JUSTIFY\\\"><b>Prendre un engagement environnemental :<\\\/b> En participant \\u00e0 des projets de r\\u00e9novation \\u00e9nerg\\u00e9tique, les copropri\\u00e9taires contribuent activement \\u00e0 la r\\u00e9duction de l'empreinte \\u00e9cologique de leur immeuble. Cet engagement environnemental r\\u00e9pond aux pr\\u00e9occupations actuelles en mati\\u00e8re de durabilit\\u00e9 et de responsabilit\\u00e9 \\u00e9cologique.<\\\/p>\\n<\\\/li>\\n<\\\/ul>\",\"margin\":\"default\",\"maxwidth\":\"xlarge\",\"text_align\":\"left\"}}]}]}]},{\"type\":\"section\",\"props\":{\"image_position\":\"center-center\",\"padding_remove_top\":false,\"style\":\"primary\",\"title_breakpoint\":\"xl\",\"title_position\":\"top-left\",\"title_rotation\":\"left\",\"vertical_align\":\"middle\",\"width\":\"default\"},\"children\":[{\"type\":\"row\",\"props\":{\"layout\":\"1-2,1-2\"},\"children\":[{\"type\":\"column\",\"props\":{\"image_position\":\"center-center\",\"position_sticky_breakpoint\":\"m\",\"width_medium\":\"1-2\"},\"children\":[{\"type\":\"image\",\"props\":{\"image\":\"wp-content\\\/uploads\\\/2024\\\/06\\\/copropriete2.jpg\",\"image_svg_color\":\"emphasis\",\"margin\":\"default\"}}]},{\"type\":\"column\",\"props\":{\"image_position\":\"center-center\",\"position_sticky_breakpoint\":\"m\",\"width_medium\":\"1-2\"},\"children\":[{\"type\":\"text\",\"props\":{\"block_align\":\"center\",\"column_breakpoint\":\"m\",\"content\":\"\n\n<p align=\\\"JUSTIFY\\\"><strong>CoopERLiC<\\\/strong>, gr\\u00e2ce \\u00e0 son Service Int\\u00e9gr\\u00e9 d\\u2019Accompagnement \\u00e0 la R\\u00e9novation \\u00c9nerg\\u00e9tique, sera l\\u00e0 pour vous aider \\u00e0 pr\\u00e9senter ces arguments \\u00e0 vos copropri\\u00e9taires\\\/membres de l'habitat group\\u00e9.<\\\/p>\\n\n\n<p align=\\\"JUSTIFY\\\"><strong>CoopERLiC<\\\/strong> pourra \\u00e9galement vous fournir un acc\\u00e8s facilit\\u00e9 aux aides financi\\u00e8res (pr\\u00eats et\\\/ou primes) disponibles pour les projets de r\\u00e9novation \\u00e9nerg\\u00e9tique. Cette assistance permet de rendre les projets plus attractifs sur le plan \\u00e9conomique.<\\\/p>\\n\n\n<p>Pour voir, tous ce que CoopERLiC peut faire pour vous :<\\\/p>\",\"margin\":\"default\",\"maxwidth\":\"xlarge\",\"text_align\":\"left\"}},{\"type\":\"button\",\"props\":{\"grid_column_gap\":\"small\",\"grid_row_gap\":\"small\",\"margin\":\"default\",\"text_align\":\"left\"},\"children\":[{\"type\":\"button_item\",\"props\":{\"button_style\":\"danger\",\"content\":\"Siare\",\"icon_align\":\"left\",\"link\":\"index.php\\\/nos-services\\\/conseiller-en-energie-communautaire\\\/\"}},{\"type\":\"button_item\",\"props\":{\"button_style\":\"secondary\",\"content\":\"Contactez-nous\",\"icon_align\":\"left\",\"link\":\"index.php\\\/page\\\/\"}}]},{\"type\":\"divider\",\"props\":{\"divider_element\":\"hr\"}}]}]}]}],\"version\":\"4.4.4\"} --><\/p>\n","protected":false},"excerpt":{"rendered":"<p>Copropri\u00e9t\u00e9 \u2013 Habitat group\u00e9 Vous vous sentez concern\u00e9.e par la transition \u00e9cologique ?Vous voulez reprendre la main sur votre \u00e9nergie ? Vous avez conscience qu&rsquo;une r\u00e9novation \u00e9nerg\u00e9tique a diff\u00e9rents avantages : Am\u00e9liorer le confort et la qualit\u00e9 de vie. Un logement bien isol\u00e9 avec une bonne circulation de l&rsquo;air am\u00e9liore grandement le confort des ces [&hellip;]<\/p>\n","protected":false},"author":4,"featured_media":0,"parent":78,"menu_order":0,"comment_status":"closed","ping_status":"closed","template":"","meta":{"footnotes":""},"class_list":["post-81","page","type-page","status-publish","hentry"],"_links":{"self":[{"href":"https:\/\/test8899.cooperlic.be\/index.php\/wp-json\/wp\/v2\/pages\/81","targetHints":{"allow":["GET"]}}],"collection":[{"href":"https:\/\/test8899.cooperlic.be\/index.php\/wp-json\/wp\/v2\/pages"}],"about":[{"href":"https:\/\/test8899.cooperlic.be\/index.php\/wp-json\/wp\/v2\/types\/page"}],"author":[{"embeddable":true,"href":"https:\/\/test8899.cooperlic.be\/index.php\/wp-json\/wp\/v2\/users\/4"}],"replies":[{"embeddable":true,"href":"https:\/\/test8899.cooperlic.be\/index.php\/wp-json\/wp\/v2\/comments?post=81"}],"version-history":[{"count":24,"href":"https:\/\/test8899.cooperlic.be\/index.php\/wp-json\/wp\/v2\/pages\/81\/revisions"}],"predecessor-version":[{"id":521,"href":"https:\/\/test8899.cooperlic.be\/index.php\/wp-json\/wp\/v2\/pages\/81\/revisions\/521"}],"up":[{"embeddable":true,"href":"https:\/\/test8899.cooperlic.be\/index.php\/wp-json\/wp\/v2\/pages\/78"}],"wp:attachment":[{"href":"https:\/\/test8899.cooperlic.be\/index.php\/wp-json\/wp\/v2\/media?parent=81"}],"curies":[{"name":"wp","href":"https:\/\/api.w.org\/{rel}","templated":true}]}}